28?
2093
What is the remainder when 2868923932 is divided by 2531?
2529
What is the remainder when 180889 is divided by 2661?
2602
Calculate the remainder when 250051 is divided by 9591.
685
What is the remainder when 3204 is divided by 383?
140
What is the remainder when 159281 is divided by 158305?
976
Calculate the remainder when 7733358 is divided by 144.
126
What is the remainder when 22084 is divided by 1819?
256
What is the remainder when 3992423 is divided by 251?
17
What is the remainder when 1571611 is divided by 261931?
25
Calculate the remainder when 195002 is divided by 32.
26
What is the remainder when 71403 is divided by 1829?
72
Calculate the remainder when 3607749 is divided by 959.
950
What is the remainder when 2073730 is divided by 433?
93
Calculate the remainder when 163289 is divided by 54230.
599
What is the remainder when 4334994 is divided by 197030?
334
What is the remainder when 253242130 is divided by 187?
185
What is the remainder when 122320084 is divided by 2523?
2521
What is the remainder when 47638002 is divided by 2071217?
11
Calculate the remainder when 25186 is divided by 2394.
1246
Calculate the remainder when 29562 is divided by 2684.
38
Calculate the remainder when 16026301 is divided by 25642.
51
Calculate the remainder when 434527 is divided by 33184.
3135
What is the remainder when 2463145 is divided by 28?
13
Calculate the remainder when 2513299 is divided by 65.
9
What is the remainder when 43672404 is divided by 17?
16
Calculate the remainder when 495632 is divided by 1502.
1474
Calculate the remainder when 63440 is divided by 2070.
1340
Calculate the remainder when 2842 is divided by 1624.
1218
Calculate the remainder when 15250794 is divided by 409.
2
What is the remainder when 155621969 is divided by 70?
69
Calculate the remainder when 5993484 is divided by 471.
9
What is the remainder when 116081 is divided by 114290?
1791
What is the remainder when 2091135 is divided by 4338?
219
What is the remainder when 5560016 is divided by 782?
778
Calculate the remainder when 1899359 is divided by 699.
176
Calculate the remainder when 9522476 is divided by 57.
56
What is the remainder when 391398 is divided by 10?
8
What is the remainder when 8193563 is divided by 163871?
13
Calculate the remainder when 31432 is divided by 15560.
312
Calculate the remainder when 140107956 is divided by 3.
0
Calculate the remainder when 19502 is divided by 4338.
2150
What is the remainder when 23741 is divided by 10203?
3335
Calculate the remainder when 210953 is divided by 210.
113
Calculate the remainder when 211081372 is divided by 1197.
1195
What is the remainder when 53069 is divided by 1965?
14
Calculate the remainder when 739175 is divided by 979.
30
What is the remainder when 28255 is divided by 13947?
361
What is the remainder when 63464053 is divided by 5?
3
Calculate the remainder when 33840957 is divided by 6.
3
Calculate the remainder when 604970 is divided by 1060.
770
What is the remainder when 12799865 is divided by 1256?
1225
Calculate the remainder when 661675 is divided by 14.
7
What is the remainder when 16830492 is divided by 2053?
2051
Calculate the remainder when 3110644 is divided by 99.
64
Calculate the remainder when 887786 is divided by 1638.
1628
Calculate the remainder when 1000262 is divided by 1475.
212
What is the remainder when 392295 is divided by 6101?
1831
Calculate the remainder when 224227 is divided by 15993.
325
What is the remainder when 28964239 is divided by 137271?
58
What is the remainder when 1093755 is divided by 5787?
12
Calculate the remainder when 122781240 is divided by 122781223.
17
What is the remainder when 26297761 is divided by 1918?
63
What is the remainder when 71623 is divided by 70?
13
Calculate the remainder when 18495748 is divided by 1897.
1895
Calculate the remainder when 9915282 is divided by 9915282.
0
Calculate the remainder when 152549 is divided by 27.
26
What is the remainder when 156530 is divided by 779?
730
What is the remainder when 66959 is divided by 3035?
189
What is the remainder when 14587164 is divided by 195?
189
Calculate the remainder when 7224507 is divided by 3612041.
425
Calculate the remainder when 342487 is divided by 3682.
61
Calculate the remainder when 1895919 is divided by 2202.
2199
Calculate the remainder when 24883 is divided by 12291.
301
What is the remainder when 69843895 is divided by 89?
77
What is the remainder when 9227376 is divided by 400?
176
Calculate the remainder when 5460908 is divided by 2730439.
30
Calculate the remainder when 2901324 is divided by 10074.
12
What is the remainder when 11817976 is divided by 334?
54
What is the remainder when 84534389 is divided by 8889?
8888
What is the remainder when 2441652 is divided by 2366?
2306
What is the remainder when 4018786 is divided by 669719?
472
What is the remainder when 31815 is divided by 551?
408
What is the remainder when 1599197 is divided by 95?
62
What is the remainder when 8142197 is divided by 2714042?
71
Calculate the remainder when 2114896 is divided by 40.
16
What is the remainder when 105740865 is divided by 22?
21
What is the remainder when 5025323510 is divided by 2258?
2256
What is the remainder when 282770 is divided by 94216?
122
What is the remainder when 2897783 is divided by 181111?
7
What is the remainder when 8259429 is divided by 107?
99
What is the remainder when 1717932 is divided by 10?
2
Calculate the remainder when 1312991 is divided by 45265.
306
What is the remainder when 559005 is divided by 54?
51
Calculate the remainder when 77375077 is divided by 59.
58
Calculate the remainder when 866513 is divided by 288198.
1919
Calculate the remainder when 8339 is divided by 3586.
1167
Calculate the remainder when 420622 is divided by 1178.
76
Calculate the remainder when 657455 is divided by 219151.
2
Calculate the remainder when 1221027 is divided by 198.
159
Calculate the remainder when 2880521 is divided by 3092.
1869
What is the remainder when 2897 is divided by 1290?
317
What is the remainder when 45628 is divided by 78?
76
What is the remainder when 31207700 is divided by 621?
587
What is the remainder when 13473968 is divided by 4491201?
365
Calculate the remainder when 231301 is divided by 3514.
2891
Calculate the remainder when 14337 is divided by 140.
57
Calculate the remainder when 2180225579 is divided by 1605.
1604
Calculate the remainder when 2095114 is divided by 5456.
10
What is the remainder when 937282 is divided by 1030?
1012
What is the remainder when 109619 is divided by 1862?
1623
What is the remainder when 460967791 is divided by 143?
141
What is the remainder when 350623 is divided by 2760?
103
Calculate the remainder when 49223053 is divided by 1070066.
17
Calculate the remainder when 365866 is divided by 182908.
50
Calculate the remainder when 398584 is divided by 19909.
404
What is the remainder when 1768488 is divided by 28067?
267
Calculate the remainder when 167388200 is divided by 4876.
4872
What is the remainder when 324844126 is divided by 32?
30
Calculate the remainder when 53073241 is divided by 1108.
41
What is the remainder when 542848 is divided by 241?
116
Calculate the remainder when 296108 is divided by 544.
172
Calculate the remainder when 84813285 is divided by 4042.
4041
Calculate the remainder when 960365 is divided by 19598.
63
What is the remainder when 10423626 is divided by 960?
906
Calculate the remainder when 1069185 is divided by 78.
39
Calculate the remainder when 534196 is divided by 5935.
46
Calculate the remainder when 3654581 is divided by 1612.
177
Calculate the remainder when 1756652 is divided by 3083.
2425
What is the remainder when 44683800 is divided by 3728?
3720
What is the remainder when 2832900 is divided by 20830?
20
What is the remainder when 242971 is divided by 8676?
43
What is the remainder when 289502 is divided by 72359?
66
What is the remainder when 3810003 is divided by 511?
498
What is the remainder when 9388 is divided by 4612?
164
Calculate the remainder when 189820 is divided by 11862.
28
What is the remainder when 55965 is divided by 27952?
61
What is the remainder when 7231684 is divided by 10?
4
What is the remainder when 593063 is divided by 13478?
31
Cal